mainder when 58620899 is divided by 2323?
2317
What is the remainder when 328101 is divided by 1641?
1542
What is the remainder when 2068545 is divided by 4240?
3665
Calculate the remainder when 141115 is divided by 141099.
16
Calculate the remainder when 200584 is divided by 633.
556
Calculate the remainder when 102314 is divided by 96509.
5805
What is the remainder when 33491 is divided by 4166?
163
What is the remainder when 320399259 is divided by 16?
11
Calculate the remainder when 2666235 is divided by 156837.
6
Calculate the remainder when 531539402 is divided by 2998.
2996
What is the remainder when 7379288 is divided by 1054184?
0
Calculate the remainder when 392704 is divided by 918.
718
Calculate the remainder when 9793030 is divided by 138.
136
What is the remainder when 193782754 is divided by 335?
329
Calculate the remainder when 26245441 is divided by 10963.
19
Calculate the remainder when 10462840 is divided by 1349.
1345
Calculate the remainder when 2635069 is divided by 41163.
637
What is the remainder when 48156 is divided by 5494?
4204
What is the remainder when 14843366 is divided by 1789?
33
What is the remainder when 6757622 is divided by 43041?
185
Calculate the remainder when 151327 is divided by 212.
171
What is the remainder when 1990480 is divided by 153110?
50
What is the remainder when 253463 is divided by 1678?
85
What is the remainder when 3785 is divided by 15?
5
What is the remainder when 81070936 is divided by 820?
816
What is the remainder when 607168 is divided by 389?
328
Calculate the remainder when 594160 is divided by 593829.
331
Calculate the remainder when 7807161 is divided by 2634.
2619
Calculate the remainder when 23819 is divided by 3097.
2140
What is the remainder when 14520450 is divided by 274?
94
What is the remainder when 699498 is divided by 7?
2
Calculate the remainder when 680403 is divided by 4702.
3315
Calculate the remainder when 1922664 is divided by 480647.
76
Calculate the remainder when 58765 is divided by 1893.
82
What is the remainder when 425464035 is divided by 175957?
9
Calculate the remainder when 1680653 is divided by 76391.
51
Calculate the remainder when 242765 is divided by 2131.
1962
Calculate the remainder when 2190709 is divided by 3905.
4
Calculate the remainder when 769281 is divided by 256361.
198
Calculate the remainder when 178528137 is divided by 12.
9
Calculate the remainder when 24498536 is divided by 833.
6
What is the remainder when 269999 is divided by 51?
5
What is the remainder when 10147 is divided by 3358?
73
Calculate the remainder when 1916345 is divided by 469.
11
Calculate the remainder when 1996663 is divided by 4.
3
What is the remainder when 3394438 is divided by 21?
19
Calculate the remainder when 4322956 is divided by 486.
472
What is the remainder when 947728 is divided by 3717?
3610
Calculate the remainder when 7071245 is divided by 26.
25
What is the remainder when 11333202 is divided by 206058?
12
Calculate the remainder when 1806327 is divided by 8100.
27
Calculate the remainder when 8546582 is divided by 406957.
485
Calculate the remainder when 116042 is divided by 27895.
4462
What is the remainder when 228537 is divided by 4760?
57
Calculate the remainder when 138023821 is divided by 67.
2
Calculate the remainder when 4025746 is divided by 29.
24
Calculate the remainder when 656290 is divided by 247.
11
Calculate the remainder when 13017 is divided by 12956.
61
Calculate the remainder when 1136686 is divided by 61.
12
What is the remainder when 1802813 is divided by 6132?
5
What is the remainder when 566646 is divided by 674?
486
What is the remainder when 3934324 is divided by 187348?
16
What is the remainder when 2382146 is divided by 216557?
19
What is the remainder when 4843793 is divided by 2688?
17
Calculate the remainder when 1387599 is divided by 428.
23
Calculate the remainder when 147372 is divided by 24556.
36
What is the remainder when 8151725 is divided by 16?
13
Calculate the remainder when 85516444 is divided by 3563185.
4
Calculate the remainder when 13014424 is divided by 190.
184
What is the remainder when 568131 is divided by 1?
0
Calculate the remainder when 811952 is divided by 21367.
6
What is the remainder when 87604 is divided by 2502?
34
What is the remainder when 4527863 is divided by 384?
119
What is the remainder when 2060691 is divided by 2262?
9
What is the remainder when 14657 is divided by 2480?
2257
Calculate the remainder when 6652106 is divided by 87.
86
What is the remainder when 2963815 is divided by 1653?
1639
What is the remainder when 11321656 is divided by 8?
0
What is the remainder when 247709 is divided by 1311?
1241
Calculate the remainder when 244588862 is divided by 61147215.
2
Calculate the remainder when 25100724 is divided by 2718.
2712
Calculate the remainder when 156514676 is divided by 270.
266
Calculate the remainder when 1048701 is divided by 524337.
27
What is the remainder when 169440062 is divided by 1774?
0
What is the remainder when 102383 is divided by 190?
163
What is the remainder when 25055745 is divided by 75697?
38
What is the remainder when 180212 is divided by 16370?
142
Calculate the remainder when 18671356 is divided by 18671273.
83
Calculate the remainder when 37915195 is divided by 38.
11
Calculate the remainder when 549476 is divided by 91536.
260
Calculate the remainder when 4988039 is divided by 15.
14
Calculate the remainder when 3522654 is divided by 110.
14
Calculate the remainder when 5263782 is divided by 228859.
25
What is the remainder when 162630402 is divided by 1109?
1097
What is the remainder when 36475 is divided by 382?
185
What is the remainder when 113910722 is divided by 6163?
6156
Calculate the remainder when 2751868 is divided by 415.
3
Calculate the remainder when 5065850 is divided by 73417.
77
Calculate the remainder when 35125 is divided by 7021.
20
What is the remainder when 504429 is divided by 3415?
2424
Calculate the remainder when 1661391 is divided by 135.
81
Calculate the remainder when 117201 is divided by 316.
281
What is the remainder when 2243 is divided by 927?
389
Calculate the remainder when 105594 is divided by 2033.
1911
Calculate the remainder when 99325 is divided by 1712.
29
What is the remainder when 265838 is divided by 6182?
12
What is the remainder when 1175279 is divided by 391759?
2
What is the remainder when 11399508 is divided by 933?
114
Calculate the remainder when 1870561 is divided by 79.
78
What is the remainder when 7300157 is divided by 10?
7
Calculate the remainder when 210537168 is divided by 52.
36
What is the remainder when 89124 is divided by 184?
68
Calculate the remainder when 1880404 is divided by 470099.
8
Calculate the remainder when 3689951 is divided by 56.
55
What is the remainder when 227111 is divided by 5976?
23
What is the remainder when 18970889 is divided by 157?
108
Calculate the remainder when 2565198 is divided by 855061.
15
Calculate the remainder when 1822498 is divided by 293.
38
What is the remainder when 5383 is divided by 4179?
1204
What is the remainder when 98559 is divided by 2053?
15
What is the remainder when 82685942 is divided by 38?
32
What is the remainder when 405940 is divided by 2064?
1396
Calculate the remainder when 35093 is divided by 2899.
305
What is the remainder when 12082874 is divided by 1952?
1946
What is the remainder when 10962 is divided by 9331?
1631
Calculate the remainder when 684148 is divided by 454.
424
Calculate the remainder when 1264373 is divided by 204.
185
What is the remainder when 3533414 is divided by 10872?
14
What is the remainder when 10065 is divided by 4823?
419
Calculate the remainder when 9167505 is divided by 42.
39
Calculate the remainder when 9152878 is divided by 16.
14
Calculate the remainder when 392009979 is divided by 388.
387
Calculate the remainder when 391339768 is divided by 19.
17
What is the remainder when 2623343 is divided by 15?
8
Calculate the remainder when 12319621 is divided by 1471.
1467
Calculate the remainder when 327896 is divided by 261.
80
Calculate the remainder when 3711868 is divided by 13352.
12
Calculate the remainder when 1494131 is divided by 1287.
1211
What is the remainder when 1348301 is divided b